*g - 45. What is the remainder when t is divided by 13?
12
Let m(l) = 45*l**2 + l - 2. Let i be m(2). Suppose -4*j - 3*g + i = 0, -j + 13 = -2*g - 21. What is the remainder when j is divided by 22?
20
Let y(l) = -l**2 - 6*l - 3. What is the remainder when 2*(3 + 13/2) is divided by y(-2)?
4
Suppose -4*c + 16 = 4*l, 3*c - c = 3*l - 22. Calculate the remainder when ((-4)/(-2) - -10) + (-12)/4 is divided by l.
3
Suppose -3*l - 3*f = -63, -2*l + 34 = f - 7. Suppose p = -4*p + l. What is the remainder when 10 is divided by p?
2
Suppose 5*a - 10 = 0, -j - 2*a + 5*a - 16 = 0. Let l = j + 16. Suppose -3*w + 12 + l = 0. What is the remainder when 17 is divided by w?
5
Let a(n) = -2*n**3 + 3*n**3 + 5*n - 6*n**2 + 3 + 2*n**2. Let j(c) = c**2 - c + 2. What is the remainder when a(4) is divided by j(-2)?
7
Let c(x) = -x**3 - x**2 + 8*x + 6. Calculate the remainder when c(-5) is divided by 23.
20
Let y = 140 - 100. Suppose -p = 3*h - 0*p - 132, h - 44 = -2*p. Let o = h + -30. Calculate the remainder when y is divided by o.
12
Suppose 15 = 3*m - x, 0 = x - 0 - 3. Calculate the remainder when m is divided by 2.
0
Suppose -2*m = 3*b, -4*m + 4*b = 3*b. Suppose m = -5*p + 7*p - 6. What is the remainder when p is divided by 3?
0
What is the remainder when 13 is divided by ((-28)/(-8))/((-4)/(-8))?
6
Suppose -2*o + 42 = -3*r, -4*o + 5*r = o - 115. Suppose -4*a - 3*z + o = 0, 3*z = -0*a - a. What is the remainder when 16 is divided by a?
7
Suppose -6*k = -2*k - 592. Calculate the remainder when k is divided by 30.
28
Suppose -d + s - 2 = 0, 2*s - 30 = -5*d - 3*s. Suppose -4*j - 2*m + 4 = 0, 0 = -2*j - m - 2*m - 6. What is the remainder when j is divided by d?
1
Let z = -38 + 63. Suppose 5*g = 5, -4*n - 2*g + 11 = -3*g. Suppose b - 13 = 5*t, -52 = -2*b - 2*b + n*t. What is the remainder when z is divided by b?
12
Let h = 220 + -145. What is the remainder when h is divided by 19?
18
Suppose -18 = -3*f - 0. Suppose -4*l + 4*c = -68, -3*c = -3*l - 8*c + 91. Calculate the remainder when l is divided by f.
4
Let k = 7 + -5. Let v = k + 10. Suppose 4*g - 131 = 3*q, 0 = -4*g + 2*q + 72 + 62. Calculate the remainder when g is divided by v.
11
Let i(r) = r**2 - 3*r - 2. Let h(z) = z**2 - z - 2. Let v be h(-2). Let f be i(v). Suppose q = -f*q + 51. Calculate the remainder when 49 is divided by q.
15
Let w(z) = 6*z. Calculate the remainder when w(3) is divided by 10.
8
Calculate the remainder when 1/2*180/1 is divided by 23.
21
Suppose 2*c - 3*c + 29 = 5*r, c + 19 = 3*r. Suppose -3*u + 15 = -r. Let x = 28 - 15. Calculate the remainder when x is divided by u.
6
Suppose -3*x + 6 = 0, v - x - 24 = -5*x. What is the remainder when 122 is divided by v?
10
Let q be ((-3)/(-6)*-2)/(-1). Let w be 2 + (4/q)/2. Suppose -4 = -w*o - 0. What is the remainder when 1 is divided by o?
0
Let h(v) = v**3 - 7*v**2 + 7*v - 1. Let t be h(5). Let c = 22 + t. Suppose c*w - 28 = 4*w. What is the remainder when 27 is divided by w?
13
Suppose -x - 20 = -3*x. Let v = 1 + x. Calculate the remainder when 1*-6*(-16)/3 is divided by v.
10
Suppose 3*f - 2*r = 293, -2*r + 192 = -0*f + 2*f. What is the remainder when f is divided by 25?
22
Suppose 0 = -5*h - 3*u - 28 + 148, 3*h = -u + 68. Calculate the remainder when 36 is divided by h.
15
Let c(g) = -g**3 + 8*g**2 - 8*g + 7. Let a be c(7). Suppose -3*h + 21 = 3*p, 3*p - 9 + 0 = a. What is the remainder when 13 is divided by h?
1
Suppose 0 = 5*l + 3*y - 94, l + 70 = 6*l - 5*y. What is the remainder when l is divided by ((-1)/(-2))/((-6)/(-108))?
8
Let j(b) = 23*b. Let q be j(1). Let x = -181 + 184. What is the remainder when q/7 + 2/(-7) is divided by x?
0
Suppose 52 = 3*x + x. Let b = 9 + -3. What is the remainder when x is divided by (b/(-9))/((-2)/21)?
6
Let o be (-2)/7 - (-44)/7. Let t be (-4)/o*81/(-6). Let n = 25 - t. What is the remainder when 46 is divided by n?
14
Suppose 4*b + 0*b - 8 = 0, 110 = 5*d + 5*b. What is the remainder when 177 is divided by d?
17
Let s be 2/3 - 26/(-6). Suppose g - s = -2. Let r = 5 - 0. Calculate the remainder when r is divided by g.
2
Suppose -4*j = -3*j - 2. Suppose j*f = t - 2*t - 3, 2*t + 6 = 0. Suppose 2*i + 2*i - 66 = -x, f = -3*x + 6. What is the remainder when 31 is divided by i?
15
Suppose h + h - 8 = 0. Suppose h - 26 = -y. Calculate the remainder when y is divided by 6.
4
Let w be (3 + -4 - -3) + -1. What is the remainder when w*(2 + -2) + 37 is divided by 20?
17
Suppose 0 = 4*m, 0 = 2*w - m - 1 - 17. Suppose -f + w = -3. Suppose 5*s - 53 - 57 = 0. Calculate the remainder when s is divided by f.
10
Let h(v) = -v**3 - 7*v**2 + 8*v + 2. Let w(o) = o**3 - 4*o**2 + 2*o - 6. What is the remainder when h(-8) is divided by w(4)?
0
Suppose 4*s + 31 = 5*s. Let c = -14 + s. Calculate the remainder when 32 is divided by c.
15
Let q(c) = -c**3 - 6*c**2 + 4*c + 5. Let t be (3 - 3) + -3 - 4. Suppose -5*i + 4*d + 45 = -d, 45 = 5*i - d. Calculate the remainder when q(t) is divided by i.
8
Suppose -210 = -8*j + 2*j. Calculate the remainder when 68 is divided by j.
33
Let c(o) = -o**2 + 11*o - 1. Calculate the remainder when 86 is divided by c(5).
28
Suppose -z + 2*z = -4*n + 3, -2*n + 105 = 5*z. What is the remainder when z is divided by 6?
5
Let j(k) = k**2 - 2 - 2*k + 18 + k. What is the remainder when 46 is divided by j(0)?
14
Suppose -r - 287 = -8*r. What is the remainder when r is divided by 11?
8
Let f = 17 + -7. Suppose 0*x - 3*d + 82 = 4*x, 3*d = 4*x - 70. What is the remainder when x is divided by f?
9
Let v(p) = -p**3 + p**2 - p - 38. Let z be v(0). Let n = z - -82. Calculate the remainder when n is divided by 15.
14
Let j(c) = -c + 23. Calculate the remainder when j(0) is divided by ((-68)/(-42) - (-12)/(-42))*9.
11
Suppose -3*i = -7*i + 8. Suppose i = 2*w - 4. Calculate the remainder when w is divided by 1.
0
Suppose 0 = 3*y + 2 - 8. What is the remainder when 4 is divided by y?
0
Suppose -3*c + 5*f + 133 = -12, 4*f = -3*c + 181. Let p = 108 - c. What is the remainder when p is divided by 14?
11
Let f = -4 - -11. What is the remainder when 11 is divided by f?
4
Let m be (-2)/(-3) - (-570)/9. Suppose -64 = -4*u - 3*i, -2*i = -u + 5*u - m. Calculate the remainder when u is divided by 6.
4
Let b(w) be the first derivative of -w**4/4 + 7*w**3/3 + 9*w**2/2 + 2. Let m(d) = -d**2 + 10*d - 6. What is the remainder when m(7) is divided by b(8)?
7
Let w = -18 - -28. Calculate the remainder when 19 is divided by w.
9
Let b(q) = q**3 + 9*q**2 - 4*q - 3. Calculate the remainder when b(-9) is divided by 9.
6
What is the remainder when 21 is divided by -2*((-60)/8 - -2)?
10
Let q = -5 - -7. Suppose q*c - 13 = 1. Suppose 3*z - 4*o = -2*z + 107, 0 = -2*o - 6. What is the remainder when z is divided by c?
5
Let w(o) = -3*o + 3. Let j(a) be the third derivative of -11*a**4/24 + a**3/6 + 2*a**2. What is the remainder when j(-3) is divided by w(-5)?
16
Calculate the remainder when ((-4)/10)/((-12)/60) + 6 is divided by -1*(-1)/(2/6).
2
Let l(u) = 4*u - 2. Let v(x) = -x. Let y(r) = -l(r) - 3*v(r). Calculate the remainder when y(-4) is divided by 3.
0
Let x = -50 + 75. Suppose 197 - x = 4*y. Calculate the remainder when y is divided by 12.
7
Suppose 5*n + 0*n = 75. Suppose w - 93 = -2*w - 3*i, -i + 147 = 5*w. What is the remainder when w is divided by n?
14
Suppose 0 = 2*t - 5*t + 60. What is the remainder when 4/6 + 224/6 is divided by t?
18
Calculate the remainder when 43 is divided by (-176)/(-20) - 2/(-10).
7
Suppose -3*k + 66 = -15. Calculate the remainder when 79 is divided by k.
25
What is the remainder when 492/9 + 1 + (-12)/18 is divided by 29?
26
Let m(c) = -2*c - c + 0*c. Calculate the remainder when 82 is divided by m(-7).
19
Let s = -8 + 32. Calculate the remainder when 47 is divided by s.
23
Suppose -7*y - 43 = -3*g - 2*y, -g + 2*y + 16 = 0. Calculate the remainder when 69 is divided by g.
3
Let h(o) = 72*o**2 - o. Let a = -1 + 0. Calculate the remainder when h(a) is divided by 19.
16
Let g = -6 - -11. Let u = 41 - 32. Calculate the remainder when u is divided by g.
4
Let k(g) = -3*g - 52. Let d(q) = 5*q + 78. Let n(f) = -5*d(f) - 8*k(f). Calculate the remainder when n(0) is divided by 7.
5
Suppose 72 + 73 = 5*l. What is the remainder when 111 is divided by l?
24
Suppose 153*b + 84 = 160*b. Calculate the remainder when (